7 + v. Is y a prime number?
False
Suppose -4*b - 1279711 = -35*b. Is b composite?
False
Suppose -h = -2*h - 107. Let j(k) = -k**3 - 11*k**2 + 17*k + 36. Let d be j(-13). Let r = d + h. Is r composite?
True
Suppose -4*y = -9*y + 15. Suppose -y*k = -2*k - 2, -5532 = s - 5*k. Is ((-1)/2)/(11/s) a composite number?
False
Let j(u) be the second derivative of u**4/3 - 3*u**3/2 + 7*u**2/2 + 16*u. Is j(8) prime?
True
Let a = -1 - -2. Let b(k) = 65*k - 8. Let d(w) = 66*w - 10. Let v(h) = 3*b(h) - 2*d(h). Is v(a) composite?
False
Let p(i) = 11*i**2 - 28*i - 11. Is p(-12) composite?
True
Suppose 6*b = b. Suppose -2*k + 6 = -5*f, b*k - 3*k = 4*f - 9. Suppose 3*n + f*n + 196 = u, 0 = 2*u - 2*n - 380. Is u composite?
True
Suppose -4*i = -5*o + 90981, -o + 4*i + 7999 = -10194. Is o composite?
True
Let x = 229 + 228. Suppose 0 = -3*j + 475 + 263. Let f = j + x. Is f a composite number?
True
Suppose 0 = 3*c, -3*m = -4*m + 2*c + 541. Is m prime?
True
Let q(m) = m**3 - 4*m**2 + 2*m + 2. Suppose 2*f = w + 4 + 37, -4*f = -3*w - 87. Let r = -13 + f. Is q(r) composite?
False
Let c(z) = z**2. Let g(a) = -10*a**2 + 13. Let x(l) = 2*c(l) - g(l). Is x(-6) a composite number?
False
Suppose i - 5*b = -2*i - 76, -3*i = -b + 68. Let c = -18 - i. Is ((-259)/c)/((-1)/4) a prime number?
False
Let s be (1 + -2)*(-2 - -3)*-1. Is 140*1 + (5/s - 3) prime?
False
Let h = 41 + -41. Is -1 + -2 + 1052 + h composite?
False
Let s(g) = g**2 + 6*g + 4. Let k be s(-9). Let n be 60*1 - (2 + -6). Let r = n - k. Is r composite?
True
Suppose 0*l = 4*l - 8. Suppose -5*v - l = -7, -5*s + 5*v = 510. Let b = 286 + s. Is b composite?
True
Let c(z) = -43*z**3 + 8*z**2 + 6*z - 20. Is c(-3) a prime number?
False
Let a be 39/52*184*2. Suppose -4*f + 1280 - a = 0. Is f a prime number?
True
Let y = 3771 - 2210. Is y prime?
False
Let a = 18146 + -1891. Is a composite?
True
Let l(x) = 52*x + 91*x - 4 - 12. Is l(3) a composite number?
True
Suppose -6907 = -17*i + 6472. Is i a prime number?
True
Is (4/(4/15))/(114/30286) a composite number?
True
Let u be -1794 - 3/9*-3. Let w = 5640 + u. Is w composite?
False
Let q = 457 + -274. Is q a composite number?
True
Let n = 172 + 2457. Is n a prime number?
False
Let r = 0 + -4. Let p = 6 + r. Suppose p*o - 20 = 54. Is o a composite number?
False
Suppose -3*c - 16 = -4*c. Suppose -2*p = -70 - c. Is p a prime number?
True
Let u = 10 - 6. Suppose u*l - 2*l = 526. Is l composite?
False
Suppose 0 = -4*r + u - 3132, 7 = -4*u - 9. Let w = -293 - r. Is w prime?
True
Suppose 7*i - 2*i - 25 = 0, 3*d + 2*i = 10429. Let t = d + -2002. Is t a prime number?
True
Let y(w) = w**3 + 6*w**2 - 8*w - 3. Let f be y(-7). Is 2*(0 + 1538/f) a prime number?
True
Suppose -9*y + 344182 + 86045 = 0. Is y a prime number?
False
Suppose -392 = -2*x - 5*f, 5*x - 7*f - 1013 = -3*f. Is x composite?
True
Let p be 168220/36 + (-8)/(-36). Suppose 0 = 5*c + 138 - p. Is c composite?
False
Suppose 5*n = b + 37, -5*b + 39 = 3*n - 0*b. Suppose -5*h + n = -4*h - 2*q, h - 5*q = 20. Suppose k + h*d + 5*d = 282, 5*k - 3*d = 1550. Is k a prime number?
True
Let h(n) = 80*n**2 + 2*n + 1. Suppose 3*s - 18 = s + 5*u, -2*u - 5 = -3*s. Let w be h(s). Suppose 5*r = -m + 360 + 91, -r - 3*m = -w. Is r a prime number?
False
Let y(f) = 56*f**2 + 6*f + 7. Let n = -35 - -29. Is y(n) prime?
True
Suppose 54742 + 272856 = 5*n - 3*i, 5*n - i = 327596. Is n a composite number?
False
Let j(f) = 10*f**3 - 2*f**2 + 3*f - 2. Let t be j(1). Suppose t = 3*p + 3. Suppose -6*z = -2*o - p*z + 280, 5*o - 4*z - 706 = 0. Is o prime?
False
Let a = 44196 + -7389. Is a prime?
False
Let r(w) = 125*w**2 - 21*w + 87. Is r(-16) a prime number?
True
Let r be ((-1)/1)/((-1)/419). Let m be r - 0 - -2 - 3. Is 2/(1 + m/(-422)) prime?
True
Suppose -5*p + 4*k = -196, -6*k - 155 = -4*p - k. Suppose p = s - 51. Let o = s - 33. Is o composite?
True
Suppose 3*w + 1135 = -2*q + 3*q, -5*q + 5699 = -3*w. Is q a prime number?
False
Let a = -7 - -12. Suppose 0 = q + 5, -k - 2*k - a*q = 19. Is (6 + k)/(-4) - -151 composite?
False
Let n = 5770 - 2499. Is n a prime number?
True
Let x(q) = -q**3 - 8*q**2 + 21*q + 65. Is x(-17) a prime number?
True
Let r(t) = 7*t**2 - 2*t + 2. Let q(l) = l**2 + 6 - 11 - l**3 + 0*l**2 + l. Let n be q(0). Is r(n) composite?
True
Is -2 + 3*36870/18 a composite number?
False
Let v = 12884 + -7405. Is v prime?
True
Is 23876/20*(-5)/(-1) composite?
True
Let y = -3 - -7. Suppose -243 - 136 = -q + j, q = y*j + 379. Is q composite?
False
Let v = -18475 - -29502. Is v a prime number?
True
Let v(m) = 3*m**2 - 21*m + 29. Let p(h) = -h**2 + 7*h - 10. Let j(z) = -17*p(z) - 6*v(z). Let y(r) be the first derivative of j(r). Is y(-13) prime?
False
Let j(c) = 48*c + 119. Is j(25) a composite number?
False
Let g(u) be the first derivative of u**2/2 + 83*u + 11. Is g(0) a prime number?
True
Let s be (-8)/(-6) + (-33)/(-9). Is -2 + 2 + (16025/s - 0) a prime number?
False
Suppose -3*q - 19 = y - 5*y, 2*y - 10 = 2*q. Let n(k) = y - 3*k - 2*k + 5*k + 2*k + 3*k**2. Is n(3) composite?
False
Let f = 502 + -196. Suppose -4*v + 2*o + f = -346, 0 = 2*o + 8. Is v prime?
False
Suppose -q + 1 = -4*c + 13, -8 = -3*q + c. Suppose 5*a + 705 = 3*h, -2*h + q*a = h - 705. Is h a composite number?
True
Suppose 192665 - 509037 = -28*j. Is j composite?
False
Suppose 6*d + 6 = 9*d. Let v(f) = 18*f**2 + 3*f - 2*f + 4*f**2 + d - 4*f. Is v(-3) a composite number?
True
Suppose 3*q - 17 = -3*v - q, -q - 8 = -v. Suppose -2*z + 6 = -2*w, 3*z + 2*z - 4*w - 18 = 0. Suppose v*g - 257 = z*g. Is g a composite number?
False
Let m(q) be the first derivative of 5*q**2 + 467*q + 36. Is m(0) prime?
True
Let n(i) = 13 - 15 - 2*i + 2*i**2 - 5*i**3 + 2*i. Suppose -13*c + 15*c = -4. Is n(c) prime?
False
Suppose 3 = w - 0. Suppose -z + 3*j - 10 = -2*j, -2*z = w*j - 32. Suppose 4*g + 973 = 3*i - 258, 0 = -5*g + z. Is i prime?
False
Let a be ((-30)/(-9)*8)/((-2)/15). Let x = a + 1413. Is x a prime number?
True
Let g be (11 - (-20)/5) + 3. Let n = 23 - g. Suppose 2422 = n*o - 3*o. Is o a prime number?
False
Let z(s) = -s**3 + s**2 - 1. Let c be z(2). Let b be (1/3)/(c/(-15)). Is (-118)/4*(-10)/b a prime number?
False
Let a(r) = 4*r**2 + 20*r + 27. Let s be -13*((-3)/(-1) - 2). Is a(s) a composite number?
False
Suppose -2*r - 5*p + 2525 = 3*r, 4*r - 3*p = 1992. Suppose 3*d - r = -0*d - 3*a, -4*d = -5*a - 677. Let z = 235 - d. Is z a composite number?
False
Suppose 4*v + 9 = 7*v. Suppose -5*r + 46 = 3*t, r = -v*t + 8 + 6. Is (2 + (-164)/r)*-2 a prime number?
True
Suppose -26*p + 14024 = -18*p. Is p prime?
True
Let d(g) = 1976*g**2 + 4*g + 13. Is d(-2) a prime number?
False
Let m(o) = 13*o + 1. Let b be (12/9)/((-4)/30). Let i be -2 - -2 - (b - 0). Is m(i) a prime number?
True
Suppose -2*y + 3181 = 5*d - 9128, 4*y + 9836 = 4*d. Is d prime?
False
Suppose -3*b = 2*d + 4, 2*b + 0*b = 5*d + 29. Is -16*(-5 - -4) + d a composite number?
False
Suppose -5*i - 3 = 7, 3*s = 4*i + 20. Is 2145/12 + 1/s prime?
True
Let v be (72/120)/(3/10). Suppose 0 = 5*n - v*c - 601, c = 4*n - 384 - 95. Is n composite?
True
Let v(n) = -n**2 - 14*n - 15. Let b be v(-13). Suppose 3*h - 16 = -h. Is (-16)/h + (b - -145) a composite number?
False
Let z(q) be the third derivative of -2*q**2 + 0*q + 0*q**3 + 1/10*q**5 - 7/24*q**4 + 0. Is z(5) composite?
True
Let j(y) = 415*y**2 - 5*y + 25. Is j(8) a prime number?
False
Suppose 3*j - 8 = -j. Let x(d) = -4*d - 9*d**j + 9 + 12*d**2 - d. Is x(5) prime?
True
Let i = 41 - 21. Is 61 - -5*(-8)/i prime?
True
Suppose -3*q + 78 = -2*q. Is (-4)/(-3) - (-6838)/q composite?
False
Let q(r) be the first derivative of -149*r**2/2 + 3*r - 10. Let a(y) = 149*y - 2. Let k(s) = -4*a(s) - 5*q(s). Is k(4) a composite number?
True
Let v(o) = 24*o**2 + 19*o - 7. Is v(14) a prime number?
False
Suppose -2*k - k = -18. Let b(x) = x**2 - 6*x. Let g be b(k). Is (-2)/(6/(-1041) - g) composite?
False
Let q = 1499 + 6108. Is q a composite number?
False
Let a(t) = 91*t**2 - 33*t + 85. Is a(16) a prime number?
True
Suppose 0 = -l - l + 6. Suppose -4*a + l*a = -619. Is a prime?
True
Let j(d) = d**3 + 2*d + 3989. Is j(0) prime?
True
Let q = -5991 - -18412. Is q composite?
False
Let s be ((-16)/(-6))/((-5)/((-15)/2)). Suppose 0 = s*v - 2145 + 373. Is v composite?
False
Let v(w) = w**3 - 8*w**2 - 4. Let k = 47 + -38. Is v(k